. Determine i(24).
-55
Let f(g) = 4*g**3 - 219*g**2 + 568*g + 215. Calculate f(52).
7
Let o(b) = -188*b - 19092. Give o(-101).
-104
Let d(l) = 12435*l - 24885. Calculate d(2).
-15
Let s(h) = 3*h**2 + 11*h + 23. Determine s(-5).
43
Let g(u) = 113*u + 968. Calculate g(-7).
177
Let o(h) = 13*h - 270. Give o(23).
29
Let r(b) = -26*b + 545. Give r(21).
-1
Let k(i) = 388*i - 4656. Give k(12).
0
Let x(c) = 158*c + 854. What is x(-6)?
-94
Let s(y) = 718*y - 330. Give s(0).
-330
Let n(j) = 113*j**3 + 4*j**2 + 41*j + 72. Calculate n(-2).
-898
Let k(y) = -y**3 - 23*y**2 - 110*y - 39. Give k(-6).
9
Let w(a) = 2*a**2 - 147. Determine w(-8).
-19
Let g(h) = -121*h - 70. Give g(-3).
293
Let k(h) = -2*h**2 + 43*h - 15. What is k(18)?
111
Let t(f) = -27*f**2 + 4*f + 6. Determine t(-1).
-25
Let a(i) = 58*i - 958. Determine a(18).
86
Let m(z) = z**3 - 18*z**2 + z - 108. What is m(18)?
-90
Let u(o) = 19*o**2 - 248*o + 695. Determine u(4).
7
Let d(y) = y**3 - 11*y**2 - 26*y + 331. Give d(8).
-69
Let l(n) = 5*n**2 + 40*n + 188. What is l(-9)?
233
Let o(x) = -x**2 + 72*x + 2722. Calculate o(-28).
-78
Let i(p) = p**2 - 70*p + 1261. What is i(40)?
61
Let g(y) = -2*y**3 + 42*y**2 - 109*y - 36. Calculate g(18).
-54
Let a(q) = -q**3 - 40*q**2 - 2*q + 1456. Calculate a(-39).
13
Let d(c) = -2*c**2 + 63*c + 4259. Calculate d(-33).
2
Let o(g) = 116*g + 1228. Determine o(-10).
68
Let m(l) = -l**2 + 138*l - 1280. What is m(10)?
0
Let v(b) = 222*b**2 - 6*b - 5. Calculate v(-1).
223
Let l(r) = -r**3 + 25*r**2 - 114*r. Give l(6).
0
Let v(u) = u**3 - 11*u**2 + 18*u - 98. Give v(10).
-18
Let l(x) = -x**3 + 15*x**2 + 84*x - 160. Determine l(19).
-8
Let z(l) = -l**3 - 13*l**2 - 7*l - 100. What is z(-11)?
-265
Let o(v) = v**3 + 27*v**2 + 28*v - 32. What is o(-26)?
-84
Let i(m) = 126*m - 672. What is i(5)?
-42
Let i(d) = 249*d**3 - 15*d**2 - 13*d + 2. Determine i(-1).
-249
Let u(z) = -z**3 - 12*z**2 + 36*z - 44. What is u(-15)?
91
Let h(t) = 201*t - 3623. Give h(18).
-5
Let v(x) = 8*x - 8. Determine v(-8).
-72
Let b(r) = -2*r**3 + 8*r**2 - 27*r + 32. Determine b(2).
-6
Let w(m) = -3*m - 80. What is w(-30)?
10
Let v(t) = -5254*t - 15765. Determine v(-3).
-3
Let i(g) = g**3 - 29*g**2 + 23*g + 126. Calculate i(28).
-14
Let u(f) = 2*f**3 - 119*f**2 + 47*f + 632. Give u(59).
-76
Let x(r) = 12*r**2 - 1428*r - 1441. Calculate x(120).
-1
Let u(c) = -c**3 - 262*c**2 - 2036*c - 1018. Calculate u(-254).
-2
Let g(x) = 2*x**3 - 8*x**2 - 27*x + 87. Calculate g(4).
-21
Let w(o) = 10*o - 720. Determine w(71).
-10
Let n(y) = -40*y + 375. Calculate n(-7).
655
Let p(t) = -4*t**3 + t**2 - 3*t. Calculate p(4).
-252
Let u(w) = -2*w**2 - 5*w + 14. What is u(-8)?
-74
Let h(u) = -155*u - 4939. Determine h(-32).
21
Let u(c) = 3*c**2 + 417*c + 6047. Determine u(-123).
143
Let w(x) = -2*x**3 + 21*x**2 + 5*x - 137. What is w(10)?
13
Let d(k) = -k**2 + 47*k + 215. Give d(51).
11
Let i(l) = -45*l + 804. Give i(21).
-141
Let o(b) = b**3 + 6*b**2 - 3*b + 10. Determine o(4).
158
Let f(o) = 9*o + 74. Determine f(-22).
-124
Let m(x) = -2*x**2 + x + 60. Determine m(-4).
24
Let i(j) = j**2 + 66*j - 519. Give i(7).
-8
Let k(l) = 9*l**2 - 119*l + 240. Calculate k(2).
38
Let j(c) = 360*c + 6733. What is j(-19)?
-107
Let k(c) = -419*c + 9201. What is k(22)?
-17
Let f(l) = -l**2 + 5*l + 410. What is f(23)?
-4
Let w(m) = 55*m - 146. Determine w(6).
184
Let f(r) = r**3 + 7*r**2 + 19*r + 80. Determine f(-4).
52
Let a(s) = -408*s + 6066. Give a(15).
-54
Let j(f) = -f**2 + 50*f + 327. What is j(55)?
52
Let f(d) = d**3 + 8*d**2 - 64*d - 462. Calculate f(-10).
-22
Let v(t) = 1150*t - 23010. Determine v(20).
-10
Let b(v) = -73*v - 30. Determine b(7).
-541
Let s(x) = -77631*x + 232902. Calculate s(3).
9
Let y(d) = -d**3 - 36*d**2 - 148*d + 3. Determine y(-5).
-32
Let p(n) = -n**3 + 23*n**2 - 107*n - 12. Determine p(16).
68
Let r(q) = -672*q - 37633. What is r(-56)?
-1
Let u(o) = -o**3 - 98*o**2 + 744*o - 57. Determine u(7).
6
Let a(b) = b**3 + 27*b**2 - 156*b - 17. What is a(5)?
3
Let x(w) = 26*w**2 - 445*w - 4. Calculate x(17).
-55
Let t(d) = 101*d**2 - 3433*d - 45. Determine t(34).
-11
Let u(d) = -161*d**3 + 646*d**2 - 11*d + 5. Determine u(4).
-7
Let n(d) = 298*d - 71817. Determine n(241).
1
Let k(i) = i**3 + 7*i**2 + 12*i + 75. Calculate k(-7).
-9
Let y(t) = -9*t**2 + 16*t - 31. Give y(2).
-35
Let r(s) = -2*s**2 - 38*s + 270. Determine r(6).
-30
Let t(b) = 3*b - 114. What is t(0)?
-114
Let f(c) = c**2 - 7*c - 1208. Calculate f(33).
-350
Let k(n) = 654*n + 18311. Determine k(-28).
-1
Let s(d) = -9*d**3 + d**2 - 5. Calculate s(-2).
71
Let r(h) = -512*h + 1756. Calculate r(4).
-292
Let t(z) = 2*z**2 - 259*z - 9190. Calculate t(-29).
3
Let k(i) = i**3 + 48*i**2 + 323*i + 18190. What is k(-49)?
-38
Let j(g) = 10*g**3 + 41*g**2 - 210*g - 45. Calculate j(-7).
4
Let t(m) = 1912*m + 40152. What is t(-21)?
0
Let q(p) = -p**2 + 21*p + 153. What is q(26)?
23
Let n(x) = 1796*x + 5406. Determine n(-3).
18
Let q(f) = -2*f**2 - 468*f - 6178. Determine q(-220).
-18
Let l(h) = -h**3 + h**2 + 18*h - 25. Determine l(2).
7
Let v(j) = 4*j**2 - 102*j + 402. Calculate v(4).
58
Let m(k) = -80*k**2 - 1105*k + 220. What is m(-14)?
10
Let v(a) = -3058*a - 3058. Determine v(-1).
0
Let h(z) = 1039*z + 52988. Give h(-51).
-1
Let q(f) = -7*f**2 + 1044*f - 3126. Determine q(3).
-57
Let j(h) = -h**3 + 4*h**2 - 6*h. Determine j(3).
-9
Let h(p) = -65*p - 504. What is h(-8)?
16
Let m(s) = -s**3 + 18*s**2 + 62*s - 1569. What is m(16)?
-65
Let f(s) = s**3 - 196*s**2 - 421*s + 4953. Determine f(198).
3
Let c(r) = r**3 - 120*r**2 - 1037*r - 8. Give c(-8).
96
Let r(v) = 13*v + 24. Determine r(-11).
-119
Let u(w) = -81*w - 126. What is u(-2)?
36
Let z(p) = -p**3 - 3*p**2 + 21*p + 35. Calculate z(4).
7
Let f(h) = 175*h + 2243. Give f(-13).
-32
Let g(z) = 2*z**3 - 99*z**2 + 68*z - 941. Calculate g(49).
-10
Let g(i) = 3*i**2 - 206*i + 3536. Determine g(33).
5
Let p(d) = -d**3 - 37*d**2 - 65*d + 137. Determine p(-35).
-38
Let w(q) = 17*q**2 - 1. Calculate w(1).
16
Let m(h) = 610*h + 6095. Calculate m(-10).
-5
Let q(z) = z**3 - z**2 - 16*z - 27. What is q(5)?
-7
Let y(b) = -b**3 + 22*b**2 - 18*b - 47. Give y(21).
16
Let j(z) = -z**2 - 78*z - 563. Determine j(-10).
117
Let g(s) = 3*s**2 + 297*s + 5970. Determine g(-71).
6
Let l(f) = -166*f - 1826. Calculate l(-11).
0
Let t(o) = 2*o**3 + 7*o**2 - 7*o + 2. What is t(-6)?
-136
Let z(a) = -4*a**2 - 687*a - 1372. Give z(-2).
-14
Let a(t) = -2*t**2 - 10*t + 825. What is a(18)?
-3
Let s(z) = -2*z**2 + 19*z - 71. Calculate s(4).
-27
Let j(f) = -22*f**3 + 4*f**2 + 5*f + 1. What is j(-1)?
22
Let q(i) = -i**2 - 71*i - 419. Determine q(-62).
139
Let g(a) = 51*a + 10. Calculate g(2).
112
Let c(j) = -j**3 - 10*j**2 + 165*j + 1555. Give c(-14).
29
Let c(l) = 2*l**3 + 32*l**2 + 109*l - 10. What is c(-5)?
-5
Let s(m) = -71*m - 4828. Determine s(-68).
0
Let w(p) = -p**3 + 14*p**2 - 45*p - 15. Calculate w(10).
-65
Let r(s) = 112*s**2 + 1342*s - 12. What is r(-12)?
12
Let c(i) = 2*i**2 - 87*i - 343. What is c(-4)?
37
Let c(d) = -d**3 + 9*d**2 + 135*d - 1226. Give c(9).
-11
Let v(x) = 2*x + 86. Calculate v(-36).
14
Let q(z) = 7*z**3 - 5*z**2 + 9*z - 6. Calculate q(1).
5
Let y(v) = 149*v - 14. Determine y(-1).
-163
Let b(r) = -44*r**2 + 280*r - 5. What is b(5)?
295
Let j(h) = h**3 - 24*h**2 + 25*h - 52. What is j(23)?
-6
Let n(s) = 3*s**2 + 12*s - 27. Calculate n(-5).
-12
Let b(w) = 46*w**3 - 15*w**2 - 17*w. Give b(-1).
-44
Let f(s) = -3*s**3 - 105*s**2 + 2. Determine f(-35).
2
Let u(g) = -3496*g - 27974. Give u(-8).
-6
Let h(b) = b**3 - 8*b**2 + 349*b - 3222. Determine h(9).
0
Let m(a) = a**2 - 9*a + 77. What is m(16)?
189
Let m(r) = 72*r + 8279. Determine m(-115).
-1
Let h(j) = -164*j - 4905. Determine h(-30).
15
Let j(p) = -p**3 + 11*p**2 - 38*p + 151. Calculate j(9).
-29
Let r(f) = -f**3 + 11*f**2 - 75*f + 186. Determine r(4).
-2
Let b(q) = q**2 + 12*q - 1114. Calculate b(28).
6
Let l(n) = 39*n - 68. Determine l(5).
127
Let a(u) = -662*u + 4636. Determine a(7).
2
Let s(b) = -2*b**3 - 134*b**2 + 134*b - 131. Calculate s(-68).
5
Let m(q) = -2*q**3 + 228*q**2 - q + 93. Determine m(114).
-21
Let y(c) = -c**3 + 2*c**2 - 6*c + 104. What is y(6)?
-76
Let n(h) = 53*h - 598. Determine n(12).
38
Let b(z) = 9513*z + 66587. Determine b(-7).
-4
Let y(a) = 1